{"id":7356,"date":"2021-09-23T12:10:44","date_gmt":"2021-09-23T09:10:44","guid":{"rendered":"http:\/\/atamancatering.com\/?page_id=7356"},"modified":"2021-09-25T11:15:59","modified_gmt":"2021-09-25T08:15:59","slug":"kvkk","status":"publish","type":"page","link":"https:\/\/www.atamancatering.com\/index.php\/kvkk\/","title":{"rendered":"KVKK"},"content":{"rendered":"<p>[vc_row][vc_column][stm_spacing lg_spacing=&#8221;30&#8243; md_spacing=&#8221;30&#8243; sm_spacing=&#8221;10&#8243; xs_spacing=&#8221;10&#8243;][vc_custom_heading text=&#8221;ATAMAN TABLDOT VE GIDA SAN. VE T\u0130C. LTD.\u015eT\u0130.<br \/>\nK\u0130\u015e\u0130SEL VER\u0130LER\u0130N KORUNMASI<br \/>\nAYDINLATMA METN\u0130&#8221; google_fonts=&#8221;font_family:Poppins%3A300%2Cregular%2C500%2C600%2C700|font_style:700%20bold%3A700%3Anormal&#8221;][vc_column_text]<\/p>\n<div class=\"col-sm-12\">\n<div style=\"font-size: 15px;\">\n<p>07.04.2016 tarihinde yay\u0131mlanarak y\u00fcr\u00fcrl\u00fc\u011fe giren 6698 say\u0131l\u0131 Ki\u015fisel Verilerin Korunmas\u0131 Kanunu (\u201cKVKK\u201d, \u201cKanun\u201d) uyar\u0131nca ; Ataman Tabldot ve G\u0131da San. ve Tic. Ltd.\u015eti. (\u201cbundan b\u00f6yle Ataman Tabldot olarak an\u0131lacakt\u0131r\u201d) olarak ki\u015fisel verilerinizin g\u00fcvenli\u011fi konusunda gerekli \u00f6zen ve hassasiyeti g\u00f6stermekteyiz.<\/p>\n<p>&nbsp;<\/p>\n<p>Amac\u0131m\u0131z; Ataman Tabldot taraf\u0131ndan hukuka uygun bir \u015fekilde y\u00fcr\u00fct\u00fclen ki\u015fisel veri i\u015fleme faaliyeti kapsam\u0131nda ki\u015fisel verileri Ataman Tabldot taraf\u0131ndan i\u015flenen m\u00fc\u015fterilerimiz, potansiyel m\u00fc\u015fterilerimiz, \u00e7al\u0131\u015fanlar\u0131m\u0131z, \u00e7al\u0131\u015fan adaylar\u0131m\u0131z, \u015firket hissedarlar\u0131m\u0131z, \u015firket yetkililerimiz, ziyaret\u00e7ilerimiz, i\u015fbirli\u011fi i\u00e7inde oldu\u011fumuz kurumlar\u0131n \u00e7al\u0131\u015fanlar\u0131 ve yetkilileri ve \u00fc\u00e7\u00fcnc\u00fc ki\u015fileri bilgilendirmektir.<\/p>\n<p>&nbsp;<\/p>\n<p>Bu \u00f6zen ve hassasiyet do\u011frultusunda Ataman Tabldot olarak m\u00fc\u015fterilerimize, tedarik\u00e7ilerimize ve \u00e7\u00f6z\u00fcm ortaklar\u0131m\u0131za iletmi\u015f oldu\u011funuz t\u00fcm ki\u015fisel verileri ve Ataman Tabldot ile ili\u015fkili t\u00fcm \u015fah\u0131slara ait her t\u00fcrl\u00fc ki\u015fisel verileri Kanun\u2019a uygun olarak, a\u015fa\u011f\u0131da izah edildi\u011fi \u015fekilde ve mevzuat taraf\u0131ndan emredilen s\u0131n\u0131rlar \u00e7er\u00e7evesinde i\u015flemekte ve muhafaza etmekteyiz. Bu kapsamda \u201cVeri Sorumlusu\u201d s\u0131fat\u0131yla, ki\u015fisel verilerinizi yasal d\u00fczenlemelerin imk\u00e2n verdi\u011fi \u00f6l\u00e7\u00fcde kullanmakta, bu verileri i\u015fleme amac\u0131n\u0131n gerektirdi\u011fi \u00f6l\u00e7\u00fcde personelimiz ve ilgili i\u015f ortaklar\u0131m\u0131z ve personelinin eri\u015fimine a\u00e7maktay\u0131z.<\/p>\n<p>&nbsp;<\/p>\n<p><strong>1. VER\u0130 SORUMLUSU VE TEMS\u0130LC\u0130S\u0130<\/strong><\/p>\n<p>KVKK uyar\u0131nca, ki\u015fisel verileriniz; veri sorumlusu olarak Ataman Tabldot taraf\u0131ndan i\u015fbu ayd\u0131nlatma metninde a\u00e7\u0131klanan kapsamda i\u015flenebilecektir.<\/p>\n<p>&nbsp;<\/p>\n<p><strong>2. K\u0130\u015e\u0130SEL VER\u0130LER\u0130N HANG\u0130 AMA\u00c7LA \u0130\u015eLENECE\u011e\u0130<\/strong><\/p>\n<p>Toplanan ki\u015fisel verileriniz;<\/p>\n<ul style=\"list-style-type: disc; padding-left: 18px;\">\n<li>Ataman Tabldot taraf\u0131ndan sunulan \u00fcr\u00fcn ve hizmetlerden sizleri faydaland\u0131rmak i\u00e7in gerekli \u00e7al\u0131\u015fmalar\u0131n i\u015f birimlerimiz taraf\u0131ndan yap\u0131lmas\u0131;<\/li>\n<li>Ataman Tabldot insan kaynaklar\u0131 politikalar\u0131n\u0131n y\u00fcr\u00fct\u00fclmesinin temini;<\/li>\n<li>\u015eirketlerimiz ve i\u015f ili\u015fkisi i\u00e7erisinde oldu\u011fumuz ki\u015filerin hukuki ve ticari g\u00fcvenli\u011finin sa\u011flanmas\u0131;<\/li>\n<li>Ataman Tabldot ticari ve i\u015f stratejilerinin belirlenmesi ve uygulanmas\u0131 ama\u00e7lar\u0131yla ticari faaliyetlerimizi y\u00fcr\u00fctmek \u00e7er\u00e7evesinde Kanun\u2019un 5. ve 6. maddelerinde belirtilen ki\u015fisel veri i\u015fleme \u015fartlar\u0131 ve ama\u00e7lar\u0131 kapsam\u0131nda i\u015flenecektir.<\/li>\n<\/ul>\n<p>&nbsp;<\/p>\n<p><strong>3. \u0130\u015eLENEN K\u0130\u015e\u0130SEL VER\u0130LER\u0130N K\u0130MLERE VE HANG\u0130 AMA\u00c7LA AKTARILAB\u0130LECE\u011e\u0130<\/strong><\/p>\n<p>Toplanan ki\u015fisel verileriniz;<\/p>\n<ul style=\"list-style-type: disc; padding-left: 18px;\">Type to enter text<\/ul>\n<\/div>\n<ul>\n<li>Ataman Tabldot taraf\u0131ndan sunulan \u00fcr\u00fcn ve hizmetlerden sizleri faydaland\u0131rmak i\u00e7in gerekli \u00e7al\u0131\u015fmalar\u0131n i\u015f birimlerimiz taraf\u0131ndan yap\u0131lmas\u0131;<\/li>\n<li>Ataman Tabldot insan kaynaklar\u0131 politikalar\u0131n\u0131n y\u00fcr\u00fct\u00fclmesinin temini;<\/li>\n<li>\u015eirketlerimiz ve i\u015f ili\u015fkisi i\u00e7erisinde oldu\u011fumuz ki\u015filerin hukuki ve ticari g\u00fcvenli\u011finin temini;<\/li>\n<li>Ataman Tabldot ticari ve i\u015f stratejilerinin belirlenmesi ve uygulanmas\u0131 ama\u00e7lar\u0131yla; yurt i\u00e7i ve yurt d\u0131\u015f\u0131ndaki do\u011frudan veya dolayl\u0131 i\u015ftiraklerimiz ile ortaklar\u0131m\u0131zla, s\u00f6zle\u015fmeli i\u015f ortaklar\u0131m\u0131za, tedarik\u00e7ilerimize, gerekmesi halinde hizmet al\u0131nan \u00fc\u00e7\u00fcnc\u00fc ki\u015filerle i\u015f s\u00fcre\u00e7lerinin devam\u0131 i\u00e7in payla\u015f\u0131m\u0131n gerekli oldu\u011fu di\u011fer ki\u015fi ve kurulu\u015flarla, kanunen yetkili kamu kurumlar\u0131 ve \u00f6zel ki\u015filere, ticari faaliyetlerimizi y\u00fcr\u00fctmek ama\u00e7lar\u0131 ile Kanun\u2019un 8. ve 9. maddelerinde belirtilen ki\u015fisel veri i\u015fleme \u015fartlar\u0131 ve ama\u00e7lar\u0131 \u00e7er\u00e7evesinde belirtilen ama\u00e7larla s\u0131n\u0131rl\u0131 olarak aktar\u0131labilecektir.<\/li>\n<\/ul>\n<p>&nbsp;<\/p>\n<p><strong>4. K\u0130\u015e\u0130SEL VER\u0130 TOPLAMANIN Y\u00d6NTEM\u0130 VE HUKUK\u0130 SEBEB\u0130<\/strong><\/p>\n<p>Ki\u015fisel verileriniz Ataman Tabldot taraf\u0131ndan internet sitesi ve fiziki kanallar gibi farkl\u0131 kanallarda y\u00fcr\u00fct\u00fclen y\u00f6ntemlerle; bu kanallar kullan\u0131larak y\u00fcr\u00fct\u00fclen ticari hizmet ve ticari faaliyetler uygulanan ilgili mevzuat, s\u00f6zle\u015fme, talep, ticari team\u00fcl ve d\u00fcr\u00fcstl\u00fck kurallar\u0131na dayal\u0131 olarak ortaya \u00e7\u0131kan ve icra edilen hukuki sebepler \u00e7er\u00e7evesinde toplanmaktad\u0131r.<\/p>\n<p>&nbsp;<\/p>\n<p>Bu hukuki sebeple toplanan ki\u015fisel verileriniz KVKK 5. ve 6. maddelerinde belirtilen ki\u015fisel veri i\u015fleme \u015fartlar\u0131 ve ama\u00e7lar\u0131 kapsam\u0131nda bu ayd\u0131nlatma metninin (2) ve (3) maddelerinde belirtilen ama\u00e7larla i\u015flenebilmekte ve aktar\u0131labilmektedir.<\/p>\n<p>&nbsp;<\/p>\n<p><strong>5. K\u0130\u015e\u0130SEL VER\u0130 SAH\u0130B\u0130N\u0130N KANUN\u2019UN 11. MADDES\u0130NDE SAYILAN HAKLARI<\/strong><\/p>\n<p>Ki\u015fisel veri sahipleri olarak, haklar\u0131n\u0131za ili\u015fkin taleplerinizi bize iletmeniz durumunda, Ataman Tabldot talebin niteli\u011fine g\u00f6re talebinizi en k\u0131sa s\u00fcrede ve en ge\u00e7 otuz g\u00fcn i\u00e7inde \u00fccretsiz olarak sonu\u00e7land\u0131racakt\u0131r. Ancak, i\u015flemin ayr\u0131ca bir maliyet gerektirmesi h\u00e2linde, Ataman Tabldot taraf\u0131ndan Ki\u015fisel Verileri Koruma Kurulu\u2019nca belirlenen tarifedeki \u00fccret al\u0131nacakt\u0131r. Veri sorumlusu olarak yapt\u0131\u011f\u0131m\u0131z inceleme sonucunda talebiniz kabul edilir veya gerek\u00e7esi a\u00e7\u0131klanmak sureti ile reddedilir. Cevap taraf\u0131n\u0131za yaz\u0131l\u0131 olarak ya da elektronik ortamda bildirilir.<\/p>\n<p>&nbsp;<\/p>\n<p>Bu kapsamda ki\u015fisel veri sahipleri;<\/p>\n<ul style=\"list-style-type: disc; padding-left: 18px;\">\n<li>Ki\u015fisel veri i\u015flenip i\u015flenmedi\u011fini \u00f6\u011frenme,<\/li>\n<li>Ki\u015fisel verileri i\u015flenmi\u015fse buna ili\u015fkin bilgi talep etme,<\/li>\n<li>Ki\u015fisel verilerin i\u015flenme amac\u0131n\u0131 ve bunlar\u0131n amac\u0131na uygun kullan\u0131l\u0131p kullan\u0131lmad\u0131\u011f\u0131n\u0131 \u00f6\u011frenme,<\/li>\n<li>Yurt i\u00e7inde veya yurt d\u0131\u015f\u0131nda ki\u015fisel verilerin aktar\u0131ld\u0131\u011f\u0131 \u00fc\u00e7\u00fcnc\u00fc ki\u015fileri bilme,<\/li>\n<li>Ki\u015fisel verilerin eksik veya yanl\u0131\u015f i\u015flenmi\u015f olmas\u0131 h\u00e2linde bunlar\u0131n d\u00fczeltilmesini isteme ve bu kapsamda yap\u0131lan i\u015flemin ki\u015fisel verilerin aktar\u0131ld\u0131\u011f\u0131 \u00fc\u00e7\u00fcnc\u00fc ki\u015filere bildirilmesini isteme,<\/li>\n<li>Kanun ve ilgili di\u011fer kanun h\u00fck\u00fcmlerine uygun olarak i\u015flenmi\u015f olmas\u0131na ra\u011fmen, i\u015flenmesini gerektiren sebeplerin ortadan kalkmas\u0131 h\u00e2linde ki\u015fisel verilerin silinmesini veya yok edilmesini isteme ve bu kapsamda yap\u0131lan i\u015flemin ki\u015fisel verilerin aktar\u0131ld\u0131\u011f\u0131 \u00fc\u00e7\u00fcnc\u00fc ki\u015filere bildirilmesini isteme,<\/li>\n<li>\u0130\u015flenen verilerin m\u00fcnhas\u0131ran otomatik sistemler vas\u0131tas\u0131yla analiz edilmesi suretiyle ki\u015finin kendisi aleyhine bir sonucun ortaya \u00e7\u0131kmas\u0131na itiraz etme,<\/li>\n<li>Ki\u015fisel verilerin kanuna ayk\u0131r\u0131 olarak i\u015flenmesi sebebiyle zarara u\u011framas\u0131 h\u00e2linde zarar\u0131n giderilmesini talep etme haklar\u0131na sahiptir.<\/li>\n<\/ul>\n<p>&nbsp;<\/p>\n<p>Kanun\u2019un 13. maddesinin 1. f\u0131kras\u0131 gere\u011fince yukar\u0131da belirtilen haklar\u0131n\u0131z\u0131 kullanmakla ilgili talebinizi yaz\u0131l\u0131 olarak veya Ki\u015fisel Verilerin Korunmas\u0131 Kurulu\u2019nun belirledi\u011fi di\u011fer y\u00f6ntemlerle iletmeniz gerekmektedir.<\/p>\n<p>&nbsp;<\/p>\n<p>Ataman Tabldot \u00e7al\u0131\u015fanlar\u0131, i\u015f ortaklar\u0131 ve ilgili di\u011fer \u00fc\u00e7\u00fcnc\u00fc ki\u015filer ile ger\u00e7ekle\u015ftirdi\u011fi i\u015flemlere ili\u015fkin kay\u0131t ve belgeleri yasal d\u00fczenlemeler kapsam\u0131nda belirli bir s\u00fcre saklama y\u00fck\u00fcml\u00fcl\u00fc\u011f\u00fc olaca\u011f\u0131ndan, ki\u015fisel verilerinizin silinmesini veya yok edilmesini ya da anonimle\u015ftirilmesini istemeniz halinde bu talep Ataman Tabldot taraf\u0131ndan yasal d\u00fczenlemeler ile belirlenen s\u00fcre sonunda yerine getirilecektir.<\/p>\n<p>&nbsp;<\/p>\n<p>Yukar\u0131da belirtilen haklar\u0131n\u0131z\u0131 kullanmak i\u00e7in kimli\u011finizi ispat edici gerekli bilgi ve belgeler ve Kanun\u2019un 11. maddesinde belirtilen haklar\u0131n\u0131zdan hangisini kullanmak istedi\u011finize y\u00f6nelik a\u00e7\u0131klamalar\u0131n\u0131zla birlikte talebinizi \u201cAksu Mh. \u015eehit Er Ramazan K\u00f6se Cad. No:28 &#8211; Bor\u00e7ka \/ ARTV\u0130N\u00a0 adresine ya da info@ataman.com e-posta adresine iletebilirsiniz.<\/p>\n<p>&nbsp;<\/p>\n<p style=\"text-align: center;\"><strong>ATAMAN TABLDOT VE GIDA SAN. VE T\u0130C. LTD.\u015eT\u0130.<\/strong><\/p>\n<\/div>\n<p>[\/vc_column_text][\/vc_column][\/vc_row]<\/p>\n","protected":false},"excerpt":{"rendered":"<p>[vc_row][vc_column][stm_spacing lg_spacing=&#8221;30&#8243; md_spacing=&#8221;30&#8243; sm_spacing=&#8221;10&#8243; xs_spacing=&#8221;10&#8243;][vc_custom_heading text=&#8221;ATAMAN TABLDOT VE GIDA SAN. VE T\u0130C. LTD.\u015eT\u0130. K\u0130\u015e\u0130SEL VER\u0130LER\u0130N KORUNMASI AYDINLATMA METN\u0130&#8221; google_fonts=&#8221;font_family:Poppins%3A300%2Cregular%2C500%2C600%2C700|font_style:700%20bold%3A700%3Anormal&#8221;][vc_column_text] 07.04.2016 tarihinde yay\u0131mlanarak y\u00fcr\u00fcrl\u00fc\u011fe giren 6698 say\u0131l\u0131 Ki\u015fisel Verilerin Korunmas\u0131 Kanunu (\u201cKVKK\u201d, \u201cKanun\u201d) uyar\u0131nca ; Ataman Tabldot ve G\u0131da San. ve Tic. Ltd.\u015eti. (\u201cbundan b\u00f6yle Ataman Tabldot olarak an\u0131lacakt\u0131r\u201d) olarak ki\u015fisel verilerinizin g\u00fcvenli\u011fi konusunda gerekli \u00f6zen<\/p>\n","protected":false},"author":1,"featured_media":0,"parent":0,"menu_order":0,"comment_status":"closed","ping_status":"closed","template":"","meta":{"om_disable_all_campaigns":false,"footnotes":""},"class_list":["post-7356","page","type-page","status-publish","hentry"],"aioseo_notices":[],"_links":{"self":[{"href":"https:\/\/www.atamancatering.com\/index.php\/wp-json\/wp\/v2\/pages\/7356","targetHints":{"allow":["GET"]}}],"collection":[{"href":"https:\/\/www.atamancatering.com\/index.php\/wp-json\/wp\/v2\/pages"}],"about":[{"href":"https:\/\/www.atamancatering.com\/index.php\/wp-json\/wp\/v2\/types\/page"}],"author":[{"embeddable":true,"href":"https:\/\/www.atamancatering.com\/index.php\/wp-json\/wp\/v2\/users\/1"}],"replies":[{"embeddable":true,"href":"https:\/\/www.atamancatering.com\/index.php\/wp-json\/wp\/v2\/comments?post=7356"}],"version-history":[{"count":7,"href":"https:\/\/www.atamancatering.com\/index.php\/wp-json\/wp\/v2\/pages\/7356\/revisions"}],"predecessor-version":[{"id":7405,"href":"https:\/\/www.atamancatering.com\/index.php\/wp-json\/wp\/v2\/pages\/7356\/revisions\/7405"}],"wp:attachment":[{"href":"https:\/\/www.atamancatering.com\/index.php\/wp-json\/wp\/v2\/media?parent=7356"}],"curies":[{"name":"wp","href":"https:\/\/api.w.org\/{rel}","templated":true}]}}